{"id":1486,"date":"2011-09-14T07:55:56","date_gmt":"2011-09-14T08:55:56","guid":{"rendered":"http:\/\/santamariaazores.com\/web\/?page_id=1486"},"modified":"2011-09-14T07:55:56","modified_gmt":"2011-09-14T08:55:56","slug":"blogosfera","status":"publish","type":"page","link":"http:\/\/santamariaazores.com\/web\/blogosfera\/","title":{"rendered":"Blogosfera"},"content":{"rendered":"<p>Este espa\u00e7o destina-se ao acompanhamento do que \u00e9 publicado nos sites e blogues marienses, os que s\u00e3o actualizados com maior frequ\u00eancia. Se queres ver aqui as not\u00edcias do teu blogue, <strong><a title=\"Formul\u00e1rio de Contacto\" href=\"http:\/\/http:\/\/santamariaazores.com\/web\/contacto\/\" target=\"_blank\">contacta<\/a><\/strong>.<\/p>\n<p style=\"text-align: center;\">\n<p><script type=\"text\/javascript\" src=\"http:\/\/output18.rssinclude.com\/output?type=js&amp;id=327453&amp;hash=b4c4da19a28553737ca23c691b2f2350\"><\/script><\/p>\n<p style=\"text-align: center;\">\n<p style=\"text-align: center;\"><a href='http:\/\/www.wunderground.com\/cgi-bin\/findweather\/getForecast?query=Santa Maria, AZ'><img src='http:\/\/weathersticker.wunderground.com\/weathersticker\/defaultorig_metric\/language\/portuguese\/global\/stations\/08515.gif' \/><\/a>\n<\/p style>\n<\/p style>\n<\/p style>\n","protected":false},"excerpt":{"rendered":"<p>Este espa\u00e7o destina-se ao acompanhamento do que \u00e9 publicado nos sites e blogues marienses, os que s\u00e3o actualizados com maior frequ\u00eancia. Se queres ver aqui as not\u00edcias do teu blogue, contacta.<\/p>\n","protected":false},"author":1,"featured_media":0,"parent":0,"menu_order":0,"comment_status":"open","ping_status":"open","template":"","meta":[],"_links":{"self":[{"href":"http:\/\/santamariaazores.com\/web\/wp-json\/wp\/v2\/pages\/1486"}],"collection":[{"href":"http:\/\/santamariaazores.com\/web\/wp-json\/wp\/v2\/pages"}],"about":[{"href":"http:\/\/santamariaazores.com\/web\/wp-json\/wp\/v2\/types\/page"}],"author":[{"embeddable":true,"href":"http:\/\/santamariaazores.com\/web\/wp-json\/wp\/v2\/users\/1"}],"replies":[{"embeddable":true,"href":"http:\/\/santamariaazores.com\/web\/wp-json\/wp\/v2\/comments?post=1486"}],"version-history":[{"count":0,"href":"http:\/\/santamariaazores.com\/web\/wp-json\/wp\/v2\/pages\/1486\/revisions"}],"wp:attachment":[{"href":"http:\/\/santamariaazores.com\/web\/wp-json\/wp\/v2\/media?parent=1486"}],"curies":[{"name":"wp","href":"https:\/\/api.w.org\/{rel}","templated":true}]}}