{"id":103,"date":"2011-06-26T10:08:54","date_gmt":"2011-06-26T11:08:54","guid":{"rendered":"http:\/\/santamariaazores.com\/web\/?page_id=103"},"modified":"2011-10-13T18:36:36","modified_gmt":"2011-10-13T19:36:36","slug":"publicidade-2","status":"publish","type":"page","link":"http:\/\/santamariaazores.com\/web\/publicidade-2\/","title":{"rendered":"Publicidade"},"content":{"rendered":"<p>Como ter publicidade no website <strong><a title=\"Santa Maria A\u00e7ores\" href=\"http:\/\/santamariaazores.com\" target=\"_blank\">Santamariaazores.com<\/a>?<\/strong><\/p>\n<p>Garantimos visibilidade \u00e0 sua empresa dado o bom n\u00famero de visitantes que temos diariamente.<\/p>\n<p>Pode anunciar na nossa barra lateral em banners 300&#215;250 px ou 125&#215;125 px.<\/p>\n<p>No rodap\u00e9 dos nossos artigos banners de 468&#215;60 px ou 600&#215;90 px<\/p>\n<p>O banner publicit\u00e1rio da sua actividade pode direccionar para o seu site ou blogue, desde que tenha um.<br \/>\n&nbsp;<br \/>\nAqui \u00e9 voc\u00ea que faz o pre\u00e7o, diga-nos quanto quer pagar e\u00a0por\u00a0quanto tempo pretende anunciar.<\/p>\n<p>Se est\u00e1 farto de gastar rios de dinheiro em publicidade que n\u00e3o d\u00e1 retorno, experimente anunciar aqui.<br \/>\n&nbsp;<br \/>\n&nbsp;<br \/>\n&nbsp;<br \/>\n<img decoding=\"async\" loading=\"lazy\" class=\"aligncenter\" src=\"http:\/\/alojaimagens.com\/images\/hwf1lfjneyp0cz15q63f.gif\" alt=\"\" width=\"300\" height=\"250\" \/><\/p>\n<p>Para enviar um artigo para publica\u00e7\u00e3o clique <strong><a href=\"http:\/\/http:\/\/santamariaazores.com\/web\/nota-editorial\/\" target=\"_blank\">AQUI<\/a><\/strong><br \/>\n&nbsp;<br \/>\n&nbsp;<br \/>\n<script type=\"text\/javascript\" src=\"http:\/\/form.jotform.com\/jsform\/12070457838\"><\/script><\/p>\n<p>Optimizado para firefox 5 ou superior e IE 8 ou superior<\/p>\n","protected":false},"excerpt":{"rendered":"<p>Como ter publicidade no website Santamariaazores.com? Garantimos visibilidade \u00e0 sua empresa dado o bom n\u00famero de visitantes que temos diariamente. Pode anunciar na nossa barra lateral em banners 300&#215;250 px ou 125&#215;125 px. No rodap\u00e9 dos nossos artigos banners de 468&#215;60 px ou 600&#215;90 px O banner publicit\u00e1rio da sua actividade pode direccionar para o [&hellip;]<\/p>\n","protected":false},"author":1,"featured_media":0,"parent":0,"menu_order":0,"comment_status":"open","ping_status":"closed","template":"","meta":[],"_links":{"self":[{"href":"http:\/\/santamariaazores.com\/web\/wp-json\/wp\/v2\/pages\/103"}],"collection":[{"href":"http:\/\/santamariaazores.com\/web\/wp-json\/wp\/v2\/pages"}],"about":[{"href":"http:\/\/santamariaazores.com\/web\/wp-json\/wp\/v2\/types\/page"}],"author":[{"embeddable":true,"href":"http:\/\/santamariaazores.com\/web\/wp-json\/wp\/v2\/users\/1"}],"replies":[{"embeddable":true,"href":"http:\/\/santamariaazores.com\/web\/wp-json\/wp\/v2\/comments?post=103"}],"version-history":[{"count":0,"href":"http:\/\/santamariaazores.com\/web\/wp-json\/wp\/v2\/pages\/103\/revisions"}],"wp:attachment":[{"href":"http:\/\/santamariaazores.com\/web\/wp-json\/wp\/v2\/media?parent=103"}],"curies":[{"name":"wp","href":"https:\/\/api.w.org\/{rel}","templated":true}]}}